ime factors of y.
2, 3, 5
Let n(i) = 3963*i**2 - 64*i + 177. What are the prime factors of n(3)?
2, 3, 2971
Let c be 1 + 0 - -2 - 126/(-6). Suppose 2*s + 3*g - 22 = c, -4*s - g + 72 = 0. Suppose -21*f + 24 = -s*f. List the prime factors of f.
2, 3
Let f be 1 + (1 - 208)*8/12. Let v = 404 - f. List the prime factors of v.
541
Suppose 0 = 4*c + 5*a - 214 + 1118, 5*a = c + 251. Suppose 3*k - 2*m = -91 + 1189, -2*k - m + 732 = 0. Let s = k + c. What are the prime factors of s?
3, 5
Suppose 50*u + 17*u = 7*u + 1485900. List the prime factors of u.
3, 5, 13, 127
Let c(w) = -225*w + 10552. What are the prime factors of c(-151)?
7, 6361
Let z(w) = w**3 - 2*w**2 - 4*w + 1. Let i be z(-3). Let u be i/(-12) + -3 - 28/(-12). Suppose -t = u*t - 261. What are the prime factors of t?
3, 29
Let y(u) = -u**3 - 21*u**2 - u - 18. Suppose -51 = 4*h + 33. Let w be y(h). Suppose 92 + 58 = w*a. What are the prime factors of a?
2, 5
Let h(o) = -o**3 + 7*o**2 - 5*o - 11. Let f be h(6). Let p(m) = -m**3 + m**2 - 4. Let v be p(f). Suppose 3*x + 14 = v. List the prime factors of x.
2, 11
Suppose 72 = -29*p + 30*p. Suppose -53*m + 54*m - p = 0. Let o = m + -6. What are the prime factors of o?
2, 3, 11
Let l = -2734 - -7241. Suppose -31 + 6 = -5*x, -3*f + l = -x. List the prime factors of f.
2, 47
Suppose a = -621 - 36. Let q = -308 - a. List the prime factors of q.
349
Let z(b) = b**2 - 2*b + 56. Let x be z(10). Let n = x - 78. List the prime factors of n.
2, 29
Let m(k) = -2415*k + 1665. List the prime factors of m(-17).
2, 3, 5, 89
Let b(c) = -1580*c - 251. List the prime factors of b(-4).
3, 7, 17
Let g(f) = -59*f - 10. Let d be g(-14). Suppose -2*c = 6*c - d. Let h = c - 51. What are the prime factors of h?
3, 17
Let t(z) be the second derivative of 1/20*z**5 - 4/3*z**3 - 3/2*z**2 + 2/3*z**4 - 14*z + 0. List the prime factors of t(-7).
2, 3, 17
Let l = 12277 + -1980. List the prime factors of l.
7, 1471
Let d(z) = 43*z + 45. Let s be d(-1). List the prime factors of ((-27243)/(-243))/(s/18).
1009
Let b = -4813 + 6733. What are the prime factors of b?
2, 3, 5
Let b(m) = -5*m + m + 9*m**2 + 19*m - 4*m. List the prime factors of b(-9).
2, 3, 5, 7
Let j(d) = 3*d**2 + 4*d - 11. Let n(k) = k**2 - 1. Let v(a) = -j(a) + 2*n(a). Let g be v(6). List the prime factors of (g/2)/(5/(-30)).
3, 17
Suppose a + 16117 = 2*p, -2*p - 7481 = -4*a - 23607. What are the prime factors of p?
7, 1151
Suppose -5*b + 45030 = -0*b + b. What are the prime factors of b?
5, 19, 79
Let f(j) = 2*j**2 + 23*j - 6. Let a be f(-12). Suppose -a*d = -d - 15. What are the prime factors of d/(-12) + (-99)/(-12)?
2
Let d(c) be the second derivative of -187*c**3/6 - 67*c**2/2 - 99*c. What are the prime factors of d(-3)?
2, 13, 19
Suppose 0 = 17*k - 260 + 923. Let i = 126 - k. What are the prime factors of i?
3, 5, 11
Let n be ((-2)/(8/(-218)))/(18/36). Suppose 115*s - 810 = n*s. What are the prime factors of s?
3, 5
Let n = -1239 - -2246. Let m = n - 513. What are the prime factors of m?
2, 13, 19
Let n(k) = 27*k**2 - 15*k + 89. What are the prime factors of n(-10)?
2939
Suppose -14 = -2*a - 0*a - b, -33 = -5*a - 2*b. Suppose -2*y + 8344 = a*y. What are the prime factors of y?
2, 149
Suppose 1461 = 7*v - 14380. What are the prime factors of v?
31, 73
Suppose -2*p + 3*z = -4834, 3*p + 5*z - 5795 = 1475. List the prime factors of p.
2, 5, 11
Suppose -22 = 5*o - 7. Let a(b) = 11*b**2 - 2*b - 3. Let c be a(o). Let z = 175 - c. List the prime factors of z.
73
Suppose 0*p = 2*p + 18. Let b(t) = 4*t**2 - t + 1. List the prime factors of b(p).
2, 167
Let c = 81544 + -23145. List the prime factors of c.
11, 5309
Let k = 154 + 188. Suppose 0 = 3*r + 135 - k. Let j = r - 16. What are the prime factors of j?
53
What are the prime factors of 24009*(17 + -11)/6?
3, 53, 151
Let c(q) = 6*q**2 + 7*q - 11. Suppose -2*w - 14 = -3*s, 0*s + 2*w - 10 = -3*s. Suppose 2*i = -s*x + 10, -4*i + 15*x - 15 = 16*x. List the prime factors of c(i).
2, 13
What are the prime factors of ((-4)/6 + 2)*(7 + 89)?
2
Let f(d) = 21*d + 12*d**2 + 8 + 14*d - 5*d - 2 - 38. List the prime factors of f(-7).
2, 173
Suppose 5*f - 63 = 3*d, -4*d - 30 = 4*f - 106. Suppose -f*c - 19278 = -33*c. List the prime factors of c.
3, 7, 17
Let b(z) = -z**2 + 22*z - 23. Let w be b(21). Let k be w/((2/(-3))/(5/(-3))). What are the prime factors of (-360)/k + (-1 - (-1 + 1))?
71
Suppose -13*n - 821 = -4658 - 6485. List the prime factors of n.
2, 397
Suppose 0 = -38*g - 20*g - 31*g + 1527329. List the prime factors of g.
131
Let c(r) = -2*r + 4. Let b be c(2). Let d(g) = -g**3 - 8*g**2 - 8*g - 7. Let u be d(-7). List the prime factors of (u - (b - 2)) + 100.
2, 3, 17
Suppose -34654 + 5371 = -5*q + 66122. What are the prime factors of q?
19081
Let m = -153 - -48. Let w = m - -109. Suppose 0 = 4*a + 3*h - 33, -5 = -3*h + w*h. List the prime factors of a.
2, 3
Suppose l + 1 = -5*f, 26 = 2*l + 7*f - 11*f. Suppose -8*w + l*w - 203 = 0. List the prime factors of w.
7, 29
Suppose -17584 - 47243 + 14857 = -190*u. What are the prime factors of u?
263
Suppose -3728 = -5*i + 5832. Suppose -4*r + 2*d + 488 = -i, 2*d = 5*r - 3000. List the prime factors of r.
2, 3, 5
Let o(p) = 15*p**2 - 38*p + 367. What are the prime factors of o(23)?
2, 3, 619
Let a = -69 + 67. Let m be (-1505)/(-2) - a*6/24. Suppose m + 66 = 7*f. What are the prime factors of f?
3, 13
Let o(l) = 17*l**2 - l - 44. Let b be o(-6). Let r = -274 + b. What are the prime factors of r?
2, 3, 5
Let q(p) = -8*p - 15. Let w be q(-9). Let c = w - 51. Suppose 3*v - c*v + 102 = 0. What are the prime factors of v?
2, 17
Let v be (390/(-75))/(2/10). Let b be (v/6 + 4)*-12. Suppose 75 = t + 4*m, -118 = 3*t + b*m - 327. List the prime factors of t.
67
Let k(n) = 217*n + 674. List the prime factors of k(19).
3, 13, 41
Let i(n) = 21*n**2 - 356*n + 21. List the prime factors of i(36).
3, 11, 19, 23
Let d(a) = 37*a - 184. Let n be d(5). List the prime factors of 215 + n/(6/42).
2, 3, 37
List the prime factors of -11 + 91237 - (-19 - (-19 - -8)).
2, 11, 13, 29
Suppose 5*x = -f + 3840, 2*x - 612*f - 1548 = -610*f. List the prime factors of x.
769
Let g = 45 - 43. Suppose -2*s = g*s - 352. Suppose -s = -p - p. List the prime factors of p.
2, 11
Let p be 16 - 10 - (1 + 1). Suppose 4*h = p*c - 915 - 3105, 0 = h. List the prime factors of c.
3, 5, 67
Suppose -150972 = 10*t - 18*t - 4*t. What are the prime factors of t?
23, 547
What are the prime factors of (558/(-4))/(-33 + (-44979)/(-1364))?
2, 3, 31
Suppose -636*l + 634*l = -15388. List the prime factors of l.
2, 3847
Suppose 27*h = 21*h + 306. Suppose -h*q + 49*q = -1870. What are the prime factors of q?
5, 11, 17
Let o = -19 - -9. Let l(x) = -4*x**2 - 8*x + 45. Let d be l(3). What are the prime factors of (-135)/(d/o - 3)?
2, 3, 5
Let w be (-99)/55*10405/(-3). What are the prime factors of w/18 - (-2)/12?
347
Suppose -2*k - k + 5*p - 134 = 0, 237 = -4*k - 5*p. Let w = -53 - k. Suppose 0 = -5*o - 0*f - 5*f + 200, 5*o + 2*f - 188 = w. List the prime factors of o.
2, 3
Let t(v) = -v**3 + v**2 + v + 94. Let n be t(0). Suppose -6*w + 2 + 10 = 0. Suppose -w*h + n = -0*h - 2*m, -2*m = -6. List the prime factors of h.
2, 5
Let h(q) be the third derivative of -q**5/30 - 5*q**4/24 + q**3 - 15*q**2. Let n be h(-3). Suppose -6*w = -n*w - 240. List the prime factors of w.
2, 5
Let x = -484 + 290. What are the prime factors of (x/(-12) - (-2)/(-3))*2?
31
Suppose -25*j - 1743 = -21*j + 2*g - 20723, -5*g = 0. What are the prime factors of j?
5, 13, 73
Let b be (-16)/(-12)*5*-3. Let h = -17 - b. Suppose 16 = 4*k, -7*d - h*k = -3*d - 264. List the prime factors of d.
3, 7
Let u(o) = o**3 - 26*o**2 + 32*o + 28. Let d be u(28). Suppose 0 = -8*p + 948 + d. What are the prime factors of p?
2, 5, 43
Suppose 0 = -3*o + 5*y + 18, -2*o - y = -2 + 3. Suppose -66 = -534*g + 556*g. What are the prime factors of o/(((-3)/61)/g)*5?
5, 61
Suppose 5*p = -b + 242316, -1661*p + 4*b + 145408 = -1658*p. What are the prime factors of p?
2, 13, 233
Let t = -366 - -694. Suppose -4*c + 1508 = -3*u, 2*c - 3*u - 1082 = -t. List the prime factors of c.
13, 29
Let m(o) = -o**3 + 7*o**2 + 9*o + 3. Let q be m(7). Let w be (q/77)/(2/14). Let l(g) = 2*g + 19. List the prime factors of l(w).
31
Let q(k) = 303*k - 15. Let w be q(5). S